{"id":56,"date":"2022-01-30T14:48:44","date_gmt":"2022-01-30T13:48:44","guid":{"rendered":"https:\/\/dev.stil-bau.de\/?page_id=56"},"modified":"2023-10-04T22:06:10","modified_gmt":"2023-10-04T20:06:10","slug":"impressum","status":"publish","type":"page","link":"https:\/\/dev.stil-bau.de\/index.php\/impressum\/","title":{"rendered":"Impressum"},"content":{"rendered":"\n<div class=\"wp-block-group is-layout-flow wp-block-group-is-layout-flow\"><div class=\"wp-block-group__inner-container\">\n<h2 class=\"wp-block-heading\" id=\"kontakt\">Kontakt<\/h2>\n\n\n\n<p>Hans-J\u00fcrgen Lebelt<\/p>\n\n\n\n<p>Lange Stra\u00dfe 34b<\/p>\n\n\n\n<p>15370 Fredersdorf &#8211; bei Berlin<\/p>\n\n\n\n<p>Telefon: +49 (0)33 439 &#8211; 81 672<\/p>\n\n\n\n<p>Telefax: +49 (0)33 439 &#8211; 81 671<\/p>\n\n\n\n<p>Mobil: +49 (0)172 &#8211; 302 84 15<\/p>\n\n\n\n<p>Email: info@stil-bau.de<\/p>\n\n\n\n<p><\/p>\n\n\n\n<p>Internet: www.stil-bau.de<\/p>\n\n\n\n<p>FA Strausberg<\/p>\n\n\n\n<p>Steuer Nr. 064\/244\/02875      <\/p>\n\n\n\n<p>Alle in useren Internet-Seiten enthaltenen Angaben und Informationen wurden sorgf\u00e4ltig recherchiert und gepr\u00fcft. F\u00fcr Richtigkeit, Vollst\u00e4ndigkeit und Aktualit\u00e4t k\u00f6nnen wir jedoch keine Gew\u00e4hr \u00fcbernehmen. <\/p>\n\n\n\n<p>Dies gilt auch f\u00fcr Internet-Seiten anderer Teledienste-Anbieter, zu denen Sie \u00fcber einen Hyperlink gelangen. F\u00fcr den Inhalt dieser Seiten \u00fcbernimmt Stilbau keine Verantwortung.         Eine Vervielf\u00e4ltigung der Seiten oder ihrer Inhalte bedarf der vorherigen schriftlichen Zustimmung von Stilbau, soweit die Vervielf\u00e4ltigung nicht ohnehin gesetzlich gestattet ist.<\/p>\n<\/div><\/div>\n","protected":false},"excerpt":{"rendered":"<p>Kontakt Hans-J\u00fcrgen Lebelt Lange Stra\u00dfe 34b 15370 Fredersdorf &#8211; bei Berlin Telefon: +49 (0)33 439 &#8211; 81 672 Telefax: +49 (0)33 439 &#8211; 81 671 Mobil: +49 (0)172 &#8211; 302 84 15 Email: info@stil-bau.de Internet: www.stil-bau.de FA Strausberg Steuer Nr. 064\/244\/02875 Alle in useren Internet-Seiten enthaltenen Angaben und Informationen wurden sorgf\u00e4ltig recherchiert und gepr\u00fcft. F\u00fcr&hellip; <a class=\"more-link\" href=\"https:\/\/dev.stil-bau.de\/index.php\/impressum\/\"><span class=\"screen-reader-text\">Impressum<\/span> weiterlesen<\/a><\/p>\n","protected":false},"author":2,"featured_media":0,"parent":0,"menu_order":0,"comment_status":"closed","ping_status":"closed","template":"","meta":{"footnotes":""},"_links":{"self":[{"href":"https:\/\/dev.stil-bau.de\/index.php\/wp-json\/wp\/v2\/pages\/56"}],"collection":[{"href":"https:\/\/dev.stil-bau.de\/index.php\/wp-json\/wp\/v2\/pages"}],"about":[{"href":"https:\/\/dev.stil-bau.de\/index.php\/wp-json\/wp\/v2\/types\/page"}],"author":[{"embeddable":true,"href":"https:\/\/dev.stil-bau.de\/index.php\/wp-json\/wp\/v2\/users\/2"}],"replies":[{"embeddable":true,"href":"https:\/\/dev.stil-bau.de\/index.php\/wp-json\/wp\/v2\/comments?post=56"}],"version-history":[{"count":2,"href":"https:\/\/dev.stil-bau.de\/index.php\/wp-json\/wp\/v2\/pages\/56\/revisions"}],"predecessor-version":[{"id":194,"href":"https:\/\/dev.stil-bau.de\/index.php\/wp-json\/wp\/v2\/pages\/56\/revisions\/194"}],"wp:attachment":[{"href":"https:\/\/dev.stil-bau.de\/index.php\/wp-json\/wp\/v2\/media?parent=56"}],"curies":[{"name":"wp","href":"https:\/\/api.w.org\/{rel}","templated":true}]}}